6
Let r be (4/5)/((-4)/(-30)). Let h = -106 + 148. What is the highest common divisor of r and h?
6
Suppose l = 21 + 35. Suppose 22 + 17 = -3*r. Let a = r + 27. What is the greatest common factor of a and l?
14
Let p = -10 - -34. Let o be p/10*(-6 - -1). Let t be ((-9)/o)/(2/80). Calculate the highest common divisor of t and 20.
10
Let j(n) = 34*n - 4. Let o be j(6). Suppose 0 = 4*r - 2*s - o, 5*r - 251 = -0*s + 2*s. Calculate the greatest common divisor of 34 and r.
17
Let g(b) = 4*b - 12. Let p be g(8). Suppose -4*f = 2*t - 314, 5*f - 4*t - 360 = 13. Let h = -27 + f. Calculate the highest common factor of h and p.
10
Let v = -9 - -15. Let h = 10 - v. Suppose h*d - 598 = -206. What is the highest common divisor of 14 and d?
14
Suppose 33 = 2*m + 3*z, -5*m - 32*z + 34*z = -54. Suppose 19 + 17 = b. What is the greatest common divisor of m and b?
12
Let l be 1 + 2 + 0 + -3. Suppose 4*m - 3*p - 451 = l, -5*p - 229 = m - 3*m. Calculate the greatest common factor of m and 14.
14
Let w = -4 + 0. Let z be 3/(-2)*w/6. Let v be (3 - 2) + 12/z. What is the highest common factor of v and 13?
13
Let r(o) = 60*o**2 + o. Let m be r(2). Suppose -2*s - 3*w + 50 = 0, -2*s = -4*w + 9 - 45. What is the highest common divisor of m and s?
22
Let d be (56/12)/(4/12). Calculate the highest common divisor of 112 and d.
14
Let z(f) = -f + 7. Let g be z(5). Suppose 2 = -0*v + g*v. Let x(c) = 12*c**3 - c + 1. Let k be x(v). Calculate the highest common divisor of 2 and k.
2
Let h(q) = q**3 + q + 24. Suppose 0 = -2*k + 4*k - 8. Suppose 3*c = -k*o, 3*o = o - 4*c. Let g be h(o). What is the greatest common divisor of 60 and g?
12
Let r(i) = -2*i + 3. Suppose 5*d + 18 = -27. Let k be r(d). Calculate the greatest common divisor of k and 21.
21
Let t = 16 + -5. Calculate the highest common divisor of t and 11.
11
Let x = 8 - -7. Let y(m) = m**3 - 4*m**2 - 5*m + 3. Let p be y(5). Calculate the greatest common factor of x and p.
3
Suppose 3*q + 393 = 2*w - 789, -q = w - 596. Suppose 5*n = 3*n + w. Let h be (-1)/2 - n/(-18). What is the greatest common divisor of 176 and h?
16
Suppose 6 = r + 1. Let k = r + -8. Let b = k + 6. What is the highest common factor of b and 27?
3
Let f = 28 - 29. Let r(c) = -23*c**3 - 2*c**2 - 2*c - 1. Let x be r(f). What is the greatest common factor of 55 and x?
11
Suppose 3*f = -2*k - 16, -2*f + 0*f = -k + 6. Let n be (1/2)/(k/(-92)). What is the highest common divisor of n and 161?
23
Let g = 140 + -60. Calculate the highest common factor of g and 10.
10
Let p be 3 + -1 + (100 - 8). Suppose p = q + q. Suppose 0 = -0*k + 3*k + 4*w - 34, -q = -5*k + 3*w. What is the greatest common divisor of k and 20?
10
Suppose 2*t = -0*t. Suppose -3*k + 6 = -2*k + c, t = 2*k + 5*c. Let j = -4 + k. Calculate the greatest common divisor of j and 48.
6
Let v(a) = -a + 11. Let r be v(6). Calculate the greatest common divisor of r and 10.
5
Let d = -13 - -4. Let u(p) = -6*p + 9. Let n be u(d). What is the greatest common factor of 9 and n?
9
Let y(c) = 2*c - 13. Let a be y(11). Let r be (3 + (-33)/a)*-48. Calculate the highest common divisor of r and 8.
8
Let q = 93 - 69. Calculate the highest common factor of q and 24.
24
Suppose 4*w - 93 = w. Calculate the greatest common factor of 217 and w.
31
Let u(s) = s**3 + 13*s**2 - s - 11. Let y be u(-13). Calculate the greatest common factor of y and 6.
2
Suppose 5*q + 0*p - 302 = p, -p = -q + 62. Let j be (-7)/((-98)/(-24))*-14. What is the greatest common factor of q and j?
12
Suppose 2*t + 6 = 5*t. Suppose -4 = 4*u + 4*z, -4*u + 4*z - t*z = -26. Suppose u*s = -s + 50. What is the highest common factor of s and 110?
10
Suppose -3*c + 6 = -3*u + 2*u, -u + 18 = 5*c. Calculate the highest common factor of 27 and u.
3
Suppose -32 = -2*o + 18. What is the highest common factor of 75 and o?
25
Let s be -2 - -5 - (-2 + 2). Suppose -1 + 7 = 2*b. Let f = -2 + b. Calculate the greatest common divisor of f and s.
1
Let r(p) = p**3 - 4*p**2 - 2*p + 2. Let m be r(4). Let w be 3/m - 157/(-2). Suppose 3*h - h - w = 0. What is the highest common divisor of 13 and h?
13
Suppose -j + 4*v + 26 + 33 = 0, 5*j + v - 274 = 0. What is the greatest common divisor of j and 11?
11
Let h = -4 - -24. Let g be 32/h*25/2. Let o(l) = 5*l. Let r be o(6). Calculate the greatest common factor of g and r.
10
Let k be (1/2)/(3/(-18)). Let s = -1 + 0. Let i be k - (-52 + 2 + s). Calculate the highest common divisor of 6 and i.
6
Suppose -2*o - 2*o = 84. Let a be 1 - (o/3 + 2). Let b(n) = -n**2 + 6*n - 6. Let i be b(4). Calculate the greatest common factor of i and a.
2
Suppose -y + 0*y + 3*d = 8, 2*y - 4*d = -6. What is the highest common divisor of 77 and y?
7
Suppose -45 = -2*p - 3*p. Suppose -2*v = -3*g + 19, -5*v - 7 + 17 = 4*g. Suppose g*x = 223 + 92. Calculate the greatest common factor of x and p.
9
Suppose -4*o - 67 = -199. Let f = o + 17. What is the highest common factor of f and 20?
10
Suppose 3*j - 4*w - 27 = 0, 2*j - 3*j - 5*w = 10. Suppose j*z - 172 - 178 = 0. Calculate the highest common divisor of 14 and z.
14
Let x be 26 + 1 - (1 - 2). Suppose -5*k - 2*z = -36 + 4, 2*k + 2*z = 8. Let v = k + 34. Calculate the highest common factor of x and v.
14
Let a = 13 - -1. Calculate the greatest common factor of 2 and a.
2
Let g(k) be the first derivative of k**2/2 - 5*k + 7. Let w be g(7). Calculate the greatest common factor of 5 and w.
1
Suppose -4 - 5 = 3*r, 3*l - 2*r = 24. Suppose 997 = -3*p + 2797. Suppose l*d - d = p. Calculate the highest common factor of 12 and d.
12
Let v = 231 + -99. Let d(i) = 12*i**3 - i + 1. Let z be d(1). Calculate the highest common divisor of v and z.
12
Let w = -18 + 25. Suppose 5 = 2*f - w*f - 5*o, -3*f = 2*o. What is the greatest common divisor of 2 and f?
2
Let s(d) = -16*d + 4. Let f be s(4). Let r be (1/(-2))/(5/f). Calculate the greatest common factor of r and 9.
3
Suppose 0 = -2*v - 5*i + 33, -v - 4*v = -2*i - 10. Suppose -16 = -v*t + 4. What is the highest common factor of 20 and t?
5
Let h = 4 - 1. Let o = 5 - h. Let k(c) = -10*c. Let m be k(-2). What is the highest common divisor of m and o?
2
Suppose -84*u - 12 = -88*u. What is the greatest common divisor of u and 48?
3
Suppose 0 = 5*r - 8*r + 15. Suppose m - 62 - 7 = -3*w, 2*w = -r*m + 59. What is the highest common divisor of 2 and w?
2
Suppose -4*f - 25 = -345. Suppose -4*x = 2*h - 5*h + 115, 2*h - 2*x - f = 0. What is the greatest common divisor of h and 9?
9
Let a = -101 + 205. What is the highest common factor of 26 and a?
26
Let r be (6/12 + 1/6)*3. Suppose 4*v - 27 = -123. Let d be (-3 - -4 - r)*v. What is the highest common divisor of 12 and d?
12
Let s = -5 + 61. Calculate the greatest common factor of s and 7.
7
Let o(w) = -w**3 + 16*w**2 - 16*w - 19. Let g(a) = -a + 1. Let m(s) = g(s) - o(s). Let i be m(15). Calculate the greatest common divisor of i and 4.
4
Suppose -5*l - w + 1 + 193 = 0, -l + 3*w + 26 = 0. Calculate the highest common divisor of 95 and l.
19
Suppose -5*h + z + 2 = -14, 5*h = -4*z + 36. Calculate the greatest common divisor of h and 4.
4
Suppose 59 - 19 = 5*h. Suppose -b - b - h = 0. Let y = b + 12. What is the highest common factor of y and 12?
4
Let q(r) = -1 + 13*r - 8*r + 2. Let b be q(1). What is the greatest common factor of b and 3?
3
Let x be 2*-1 - (-3 + 0). Calculate the greatest common factor of 2 and x.
1
Suppose 46 = 2*j + 5*f, 5*j + 5*f = 90 + 10. Let n = j + 14. What is the highest common divisor of 288 and n?
32
Let r(n) = n**3 + 11*n**2 + 9*n + 4. Let z be r(-10). Let f be 393/4 - (-2)/(-8). Calculate the greatest common divisor of f and z.
14
Suppose r - 3*r = 5*k + 21, -4*r + k = -13. Let u = 5 - 2. Let i be 6*2/u*r. What is the highest common divisor of i and 4?
4
Suppose 3*c = -0*c + 5*v + 11, 3*c - 26 = 2*v. Let q = -30 + 44. Let y = q + 4. Calculate the greatest common factor of c and y.
6
Let q(y) be the second derivative of -4*y**3/3 + y**2 + 4*y. Let p be q(-2). What is the greatest common factor of p and 9?
9
Let f = -16 + 22. Suppose -f*n + 50 = -n. Suppose 5*m - 5 - 5 = 0. Calculate the highest common factor of n and m.
2
Let q = -17 + 17. Let n(b) = -b**2 + 12. Let m be n(q). Calculate the highest common divisor of m and 24.
12
Suppose -4 = -6*w + 2*w. Let i be 5/(w + (-18)/21). What is the gr